{"id":82,"date":"2024-11-25T22:51:27","date_gmt":"2024-11-25T22:51:27","guid":{"rendered":"https:\/\/junginstitut.study\/?page_id=82"},"modified":"2024-11-25T22:55:26","modified_gmt":"2024-11-25T22:55:26","slug":"informations-2","status":"publish","type":"page","link":"https:\/\/junginstitut.study\/?page_id=82&lang=fr","title":{"rendered":"Informations"},"content":{"rendered":"\n<p><strong>Bienvenue dans l\u2019Association des \u00c9tudiant\u00b7e\u00b7s<\/strong><\/p>\n\n\n\n<p>En tant qu\u2019\u00e9tudiant\u00b7e, vous \u00eates automatiquement membre de l\u2019Association des \u00c9tudiant\u00b7e\u00b7s.<\/p>\n\n\n\n<p>Nos activit\u00e9s sont rendues possibles gr\u00e2ce \u00e0 votre contribution volontaire de 20 CHF lors de l\u2019inscription semestrielle. Merci pour votre soutien !<\/p>\n\n\n\n<p>L\u2019Association des \u00c9tudiant\u00b7e\u00b7s remplit diverses missions pour favoriser les \u00e9changes et la collaboration entre les \u00e9tudiant\u00b7e\u00b7s et l\u2019institut :<\/p>\n\n\n\n<h4 class=\"wp-block-heading\"><strong>Nos Missions <\/strong><\/h4>\n\n\n\n<ul class=\"wp-block-list\">\n<li><strong>Repr\u00e9sentation des int\u00e9r\u00eats :<\/strong>\n<ul class=\"wp-block-list\">\n<li>Discuter et transmettre les pr\u00e9occupations, questions et demandes des \u00e9tudiant\u00b7e\u00b7s \u00e0 la direction de l\u2019institut.<\/li>\n\n\n\n<li>Participer aux r\u00e9unions avec la direction des programmes, la direction des \u00e9tudes, les comit\u00e9s de programme et les analystes accr\u00e9dit\u00e9\u00b7e\u00b7s (avec droit de vote).<\/li>\n<\/ul>\n<\/li>\n\n\n\n<li><strong>Point de contact :<\/strong>\n<ul class=\"wp-block-list\">\n<li>Soutenir et r\u00e9pondre aux demandes des \u00e9tudiant\u00b7e\u00b7s int\u00e9ress\u00e9\u00b7e\u00b7s.<\/li>\n<\/ul>\n<\/li>\n\n\n\n<li><strong>Communication :<\/strong>\n<ul class=\"wp-block-list\">\n<li>Servir de liaison entre les \u00e9tudiant\u00b7e\u00b7s et l\u2019administration de l\u2019institut.<\/li>\n\n\n\n<li>Mettre \u00e0 jour et g\u00e9rer le site web des \u00e9tudiant\u00b7e\u00b7s.<\/li>\n<\/ul>\n<\/li>\n\n\n\n<li><strong>Administration :<\/strong>\n<ul class=\"wp-block-list\">\n<li>G\u00e9rer le compte bancaire et le budget de l\u2019Association des \u00c9tudiant\u00b7e\u00b7s.<\/li>\n<\/ul>\n<\/li>\n\n\n\n<li><strong>Gestion des locaux :<\/strong>\n<ul class=\"wp-block-list\">\n<li>Entretenir et g\u00e9rer la salle des \u00e9tudiant\u00b7e\u00b7s au dernier \u00e9tage de l\u2019institut \u00e0 K\u00fcsnacht.<\/li>\n<\/ul>\n<\/li>\n\n\n\n<li><strong>R\u00e9seautage :<\/strong>\n<ul class=\"wp-block-list\">\n<li>Encourager les \u00e9changes avec les \u00e9tudiant\u00b7e\u00b7s d\u2019autres institutions, comme l\u2019ISAP (<a href=\"http:\/\/www.isapzurich.com\">www.isapzurich.com<\/a>).<\/li>\n<\/ul>\n<\/li>\n<\/ul>\n\n\n\n<h3 class=\"wp-block-heading\"><strong>Moments de Rencontre et d\u2019\u00c9change<\/strong><\/h3>\n\n\n\n<p>L\u2019institut offre de nombreuses opportunit\u00e9s de rencontres inspirantes \u2013 lors des cours, s\u00e9minaires, dans les couloirs, le jardin ou au bord du lac.<\/p>\n\n\n\n<p>Au <strong>deuxi\u00e8me \u00e9tage<\/strong>, vous trouverez \u00e9galement la <strong>salle des \u00e9tudiant\u00b7e\u00b7s avec vue sur le lac<\/strong>. Cet espace est \u00e0 votre disposition pour manger, boire, discuter, \u00e9tudier ou vous d\u00e9tendre. Il est \u00e9quip\u00e9 d\u2019une machine \u00e0 caf\u00e9 Nespresso, d\u2019un ordinateur, d\u2019une imprimante, de tables, de chaises, de canap\u00e9s et d\u2019un tableau d\u2019affichage.<\/p>\n\n\n\n<p>Nous sommes ravis de vous accueillir dans l\u2019Association des \u00c9tudiant\u00b7e\u00b7s et de fa\u00e7onner ensemble la vie de l\u2019institut !<\/p>\n","protected":false},"excerpt":{"rendered":"<p>Bienvenue dans l\u2019Association des \u00c9tudiant\u00b7e\u00b7s En tant qu\u2019\u00e9tudiant\u00b7e, vous \u00eates automatiquement membre de l\u2019Association des \u00c9tudiant\u00b7e\u00b7s. Nos activit\u00e9s sont rendues possibles gr\u00e2ce \u00e0 votre contribution volontaire de&hellip; <span class=\"read-more\"><a class=\"more-link\" href=\"https:\/\/junginstitut.study\/?page_id=82&#038;lang=fr\" rel=\"bookmark\">Read more <span class=\"screen-reader-text\">&#171;Informations&#187;<\/span><\/a><\/span><\/p>\n","protected":false},"author":1,"featured_media":0,"parent":0,"menu_order":0,"comment_status":"closed","ping_status":"closed","template":"","meta":{"footnotes":""},"class_list":["post-82","page","type-page","status-publish","hentry"],"_links":{"self":[{"href":"https:\/\/junginstitut.study\/index.php?rest_route=\/wp\/v2\/pages\/82","targetHints":{"allow":["GET"]}}],"collection":[{"href":"https:\/\/junginstitut.study\/index.php?rest_route=\/wp\/v2\/pages"}],"about":[{"href":"https:\/\/junginstitut.study\/index.php?rest_route=\/wp\/v2\/types\/page"}],"author":[{"embeddable":true,"href":"https:\/\/junginstitut.study\/index.php?rest_route=\/wp\/v2\/users\/1"}],"replies":[{"embeddable":true,"href":"https:\/\/junginstitut.study\/index.php?rest_route=%2Fwp%2Fv2%2Fcomments&post=82"}],"version-history":[{"count":3,"href":"https:\/\/junginstitut.study\/index.php?rest_route=\/wp\/v2\/pages\/82\/revisions"}],"predecessor-version":[{"id":93,"href":"https:\/\/junginstitut.study\/index.php?rest_route=\/wp\/v2\/pages\/82\/revisions\/93"}],"wp:attachment":[{"href":"https:\/\/junginstitut.study\/index.php?rest_route=%2Fwp%2Fv2%2Fmedia&parent=82"}],"curies":[{"name":"wp","href":"https:\/\/api.w.org\/{rel}","templated":true}]}}